0) + y/(-5). List the prime factors of (2 - a)/(3 - 2).
2, 5
Let d(m) = 2*m**3 - m**2 - 3*m + 3. Let o = 0 + 2. Let x = o + 0. List the prime factors of d(x).
3
Suppose 5*f = 5 + 10. Let u(o) = 2*o**3 - 3*o**2 - 3*o - 4. List the prime factors of u(f).
2, 7
Let g(d) = d**2 - 3*d - 2. What are the prime factors of g(17)?
2, 59
Suppose 3*o = 2*o + 2. Suppose 3*r - 89 = -u, -5*u = -6*u - 1. Suppose -7*h + r = -o*h. What are the prime factors of h?
2, 3
Let n = 10 - 6. Suppose n*j + 5 = 21. Suppose 0 + 56 = j*f. List the prime factors of f.
2, 7
Let g(a) = -12*a**2 - 3*a - 2. Let t(j) = 23*j**2 + 7*j + 4. Let k(p) = -5*g(p) - 2*t(p). Let z be k(2). Suppose v - z = -3*v. List the prime factors of v.
3, 5
Let d(u) = u**2 - 4*u + 6. Let c be d(4). Suppose -c*h = -h - 150. List the prime factors of h.
2, 3, 5
Let k be 3/4 + (-111)/(-12). Suppose 2*j - 52 = -4*n + 4*j, 0 = n - 2*j - k. List the prime factors of n.
2, 7
Suppose 5*f - u = -0*u + 19, 3*f + u = 5. Let s = 6 - f. What are the prime factors of s?
3
Suppose -2*k + 4*n + 0*n + 60 = 0, -4*n = 4*k - 156. List the prime factors of k.
2, 3
Suppose 2*n = n - 5*g + 50, 3*n + 2*g = 124. What are the prime factors of n?
2, 5
Let d = 1 + 21. Let t = d + -42. What are the prime factors of t*(-1 + 2/4)?
2, 5
List the prime factors of (1*3)/((12/(-566))/(-2)).
283
Suppose -g + 16 = 3*g, 5*u - 168 = -2*g. List the prime factors of u.
2
Suppose 2*v + 9 = 3*f, v = 2*f - 2 - 4. List the prime factors of f.
3
Suppose 0 = -35*f + 28*f + 441. List the prime factors of f.
3, 7
Suppose -5*s - 19 = -w - 278, 3*s + 5*w - 133 = 0. List the prime factors of s.
3, 17
List the prime factors of (-12)/60 + 701/5.
2, 5, 7
Let k be (8/(-20))/((-1)/5). Suppose -2*l - q + 71 = 0, -k*q + 61 + 45 = 3*l. What are the prime factors of l?
2, 3
Suppose 6*v - v = 0. Suppose -4*s - 4*z + 32 = v, 14 = s + 2*z + 2*z. Suppose c + 4*d + s = 0, 2*d + 24 = 5*c - 34. What are the prime factors of c?
2, 5
Let q = 0 - 0. Let j be (q - -7)/(4/24). What are the prime factors of ((-10)/(-15))/(4/j)?
7
Suppose -k + 5 = -6*k, s = k + 48. List the prime factors of s.
47
Let d(w) = 5*w - 100. What are the prime factors of d(30)?
2, 5
Let d(x) = 32*x**2 + 5. What are the prime factors of d(-3)?
293
Let h = 7 - 4. List the prime factors of 11 + h + (-2 - -1).
13
Suppose 2 = -4*g + 2*w, 0 = 2*g - 2*w + 5 - 1. List the prime factors of g - 1/2*-2.
2
Let u(a) = -a**3 + 3*a**2 + 2*a + 2. Let m be u(3). Suppose 0 = -4*j - b - 50, -4*b + b = -5*j - 71. Let t = m - j. List the prime factors of t.
3, 7
Let p be (-2 + 7/3)*15. Suppose -p*q + 3*q + 5 = -w, -11 = q - 5*w. Suppose 5*c - q*c = 5*d - 3, -43 = -5*c - 4*d. List the prime factors of c.
7
Suppose -b + 5 = r, 0*r - 3*b + 15 = -r. Suppose 5*z + 1 - 36 = r. List the prime factors of z.
7
Suppose 0 + 9 = q. Let a = q + 18. Let o = a + -15. List the prime factors of o.
2, 3
Suppose -4*z + 98 = -66. Suppose 4*w - z = -x, -59 = -0*x - 4*x + 5*w. What are the prime factors of x?
3, 7
Let n(g) = -g**3 + 4*g**2 + 6*g. Let z be n(5). Suppose 4*y - 34 = -5*p, -y - 30 = -z*p - 6*y. List the prime factors of p.
2, 5
Let p = -5 - -3. Let y = 9 + p. What are the prime factors of y?
7
Suppose 0 = 4*p - 3 + 23. Let n(v) = 3*v. Let d(a) = 6*a - 1. Let h(m) = 2*d(m) - 5*n(m). List the prime factors of h(p).
13
Let a(j) = -j**3 + 10*j**2 - 13*j - 22. What are the prime factors of a(7)?
2, 17
Let p be (-7)/(-2) - 1/(-2). Let y = 1 + 6. Let o = y - p. What are the prime factors of o?
3
Let c(i) = -2*i**3 - i**2 + 2*i - 1. Let f be c(1). Let p(k) be the third derivative of k**5/60 - k**3/6 - k**2. What are the prime factors of p(f)?
3
Let q = 206 - 113. List the prime factors of q.
3, 31
Let s be ((-2)/(-4))/((-5)/(-30)). Suppose -1 = 3*t - 4*h, 5*t + s*h = -2*h + 10. Suppose 4*k - t = 19. What are the prime factors of k?
5
List the prime factors of (-6)/9*-36 - -1.
5
Let w be 501/12 - 2/(-8). Let k be 2/(-3) - w/(-9). Suppose j = k*a - 31, -3*a + 9 = -2*a + j. What are the prime factors of a?
2
Suppose -5 + 1 = -2*b. Suppose 0 = -3*s + b*s - 2*h + 30, 3*h = -4*s + 110. List the prime factors of s.
2, 13
Let r = -6 + 8. Suppose -r*g + 3*g = 6. List the prime factors of g.
2, 3
Let i = 122 + -61. List the prime factors of i.
61
Let x be (-111)/(-6) + 2/(-4). Suppose t = -5*r + 141, 5*t + 0*t - 145 = -5*r. Let p = r - x. What are the prime factors of p?
2, 5
Suppose -4*w + 52 = -0*w. List the prime factors of w.
13
List the prime factors of 10848/39 - 2/13.
2, 139
What are the prime factors of -1 + ((-300)/2)/(-3)?
7
Let m be ((-2)/(-4))/((-7)/(-140)). Suppose 0 = 4*c - 3*h + 6*h - 13, m = -2*h. What are the prime factors of c?
7
Suppose -3*c - 5*z = -c - 207, -9 = -3*z. List the prime factors of c.
2, 3
Suppose -b + c = 6*c + 6, 2*b - 4*c = 16. Let u = b + -1. Suppose 48 = 5*d + 4*p, p + u = -0. What are the prime factors of d?
2, 3
Suppose -153 - 330 = -7*j. List the prime factors of j.
3, 23
Let s(o) = -2*o + 1. Let m be s(-2). Let j = m - 3. Suppose 6*b - j*b = 52. List the prime factors of b.
13
Let t be 8*3/((-24)/(-10)). List the prime factors of (23 - t)/((-2)/(-4)).
2, 13
Suppose 0 = -2*k + 7*k - 140. What are the prime factors of k?
2, 7
Let z = -7 - -1. What are the prime factors of (11/(-2))/(z/12)?
11
Suppose -1 = -4*s + 3*s. Suppose 0 = u - 47 + s. Suppose -4*y - h + 22 = -15, 2*h = 4*y - u. List the prime factors of y.
2, 5
List the prime factors of -3*((-1304)/72)/((-2)/(-12)).
2, 163
Let w be 12/10*(-30)/(-9). Suppose -5*v + 2*z - 4 = -4*v, 0 = 3*v - w*z + 4. Suppose -v*x - 6 + 42 = 0. What are the prime factors of x?
3
Let q = 159 + -97. List the prime factors of q.
2, 31
Let h = 92 - 63. Let t = h - 15. What are the prime factors of t?
2, 7
Let c(x) = x**3 + 7*x**2. Let m be c(-7). Suppose 4*i = 16, m*j - 3*i = 3*j. List the prime factors of 6/j*(-76)/6.
19
List the prime factors of ((-56)/98)/((-4)/14).
2
Suppose -5*t + 779 = 3*l, 124 = t - 3*l - 39. What are the prime factors of t?
157
Suppose -6 = -3*h + 108. List the prime factors of h.
2, 19
Suppose 2*q + 4*z = -0*q + 598, 4*q - 1184 = -2*z. What are the prime factors of q?
5, 59
What are the prime factors of 319/5 + (-11)/(-55)?
2
Suppose 0 = 7*f - 3*f - 160. List the prime factors of f.
2, 5
List the prime factors of 3/1*(-1330)/(-105).
2, 19
Suppose x = -x - 4. Let o(m) = m**2 + m + 2. List the prime factors of o(x).
2
Suppose b + b = -4*q + 16, 5*q - 15 = -5*b. Let y = -28 + 40. Let n = y - q. List the prime factors of n.
7
Let q(z) be the third derivative of z**5/30 - z**4/12 + z**3/2 - 4*z**2. List the prime factors of q(4).
3
Suppose y - 19 = 3*o, 0*y - 5*o - 41 = -3*y. What are the prime factors of y?
7
Suppose -3*o + 19 = 2*w, w + 13 = o + 3*w. List the prime factors of o/(-1 - (-12)/10).
3, 5
Let l(v) = 4*v + 12. What are the prime factors of l(3)?
2, 3
Suppose 3*x = 5*x - 6. Let h(a) = -a**2 + 2*a + 1. Let j be h(x). Let z = j + 5. List the prime factors of z.
3
Suppose -4*x + 8*x = -5*j + 39, -3*j = 3*x - 33. What are the prime factors of x?
2
Let i = 14 - 12. Suppose 0 = -2*f, -i*f + 31 = 5*g - 9. List the prime factors of g.
2
Suppose -x = 2*x + 15, 5*n - 2*x = -100. Let p = -12 - n. List the prime factors of p.
2, 5
Let w = 30 + 49. List the prime factors of w.
79
Let u = -15 - -21. Suppose u*v = v + 40. What are the prime factors of v?
2
Let q(z) = -2*z**2 - 10*z + 19. Let y(k) = k**2 + 5*k - 10. Let r(a) = 3*q(a) + 5*y(a). Let g be r(-6). What are the prime factors of 6 + (0 - g - -2)?
7
Let k(u) be the second derivative of u**4/12 + 2*u**2 + u. List the prime factors of k(0).
2
Suppose -4*x + 833 = 5*u, 5*u - 2*x - 851 = -0*u. What are the prime factors of u?
13
Let z(g) = g**2 - 2*g + 3. Let s be z(4). Suppose h + s = -3*a, 81 = -3*h - 2*h - 2*a. Let w = h + 30. List the prime factors of w.
13
Let f = -10 - -64. List the prime factors of f.
2, 3
What are the prime factors of 65/2 + 6/12?
3, 11
Let y(d) be the second derivative of d**5/20 + 5*d**4/12 - 2*d**3/3 - d**2 + 4*d. List the prime factors of y(-5).
2, 3
Let f(b) = b**2 - b - 1. Let a be f(3). Let m = 3 - a. What are the prime factors of -2 + 7 + m - -2?
5
Suppose 0 = -0*k + k. Let c(q) = -q**2 - q + 37. What are the prime factors of c(k)?
37
Let v = -115 + 186. List the pr